{"id":91,"date":"2024-08-26T10:23:19","date_gmt":"2024-08-26T07:23:19","guid":{"rendered":"https:\/\/tuorettaturusta.com\/info\/?page_id=91"},"modified":"2024-09-10T07:09:18","modified_gmt":"2024-09-10T04:09:18","slug":"miten-ajoittaa-kappaleen-julkaisu-soittolistallamme-optimaalisesti","status":"publish","type":"page","link":"https:\/\/tuorettaturusta.com\/info\/miten-ajoittaa-kappaleen-julkaisu-soittolistallamme-optimaalisesti\/","title":{"rendered":"N\u00e4in s\u00e4\u00e4 pysty ajottaa sun kappalees esiinttymise meir\u00e4n soittolistal niinku optimaalisest!"},"content":{"rendered":"\n<p class=\"has-drop-cap\" style=\"font-size:clamp(15.747px, 0.984rem + ((1vw - 3.2px) * 0.86), 24px);line-height:1.3\"><strong>Julkkasu ajottamisel o suur merkitys siihe, ti\u00e4ks\u00e4\u00e4 kuin hyvi sun kappalees oikke menestyy. T\u00e4s\u00e4 artikkelisa me k\u00e4yd\u00e4h\u00e4n l\u00e4pi, notta kuinka oikkei ajottaa su kappalee julkasu sil viissii, et se saa parhaa mahrollise n\u00e4kyvyyde ja kuuntelum\u00e4\u00e4r\u00e4t meir\u00e4n soittolistal &#8221;Tuoretta TURUSTA&#8221;.<\/strong><\/p>\n\n\n\n<h3 class=\"wp-block-heading\">Miks Julkaisun Ajotus O T\u00e4rkeet?<\/h3>\n\n\n\n<p>Julkaisun ajottamisel o ratkaseva merkitys, koska se vaikuttas siihe, mite paljo huomioo ja kuuntelukertoi sun kappalees saa heti julkkasu j\u00e4lkee ti\u00e4k s\u00e4\u00e4. Hyvi ajotettu julkasu voi johtaa suurempaa n\u00e4kyvyytee, nopeempaan leviimisee ja pitemp\u00e4\u00e4 listoilla pysymisee. T\u00e4ss\u00e4 tulee ny  muutamii vinkkei semmosest oikke optimaalisest ajotuksest.<\/p>\n\n\n\n<h3 class=\"wp-block-heading\">1. Ymm\u00e4rr\u00e4 sen Soittolista Rakenne ti\u00e4ks\u00e4\u00e4<\/h3>\n\n\n\n<p><strong><a href=\"https:\/\/tuorettaturusta.com\/\">&#8221;Tuoretta TURUSTA&#8221; -soittolista<\/a><\/strong> sis\u00e4ltt\u00e4 vaan 25 kappaletta kerralla ja jokasel uudel kappaleel julkaistaan erilline postaus meir\u00e4n Facebook-sivulla. Ku sun kappalees poistuu t\u00e4st meiti hulppeest soittolistast ti\u00e4ks\u00e4\u00e4, niin se siiryy toisel, &#8221;Turku Mega List&#8221; -soittolistal, joka sis\u00e4ltt\u00e4\u00e4 niin pal kauhest eli kaik koskka kuratoiru kappaleet.<\/p>\n\n\n\n<h3 class=\"wp-block-heading\">2. Valitse Oikee Julkasuviikko!<\/h3>\n\n\n\n<p>Paras ajotus uuden kappaleen julkasulle voi vaihdella, mutta harkitse seuraavia seikkoja:<\/p>\n\n\n\n<p><strong>V\u00e4lt\u00e4 Suuria Juhlapyhi\u00e4 ja Tapahtumia:<\/strong> Juhlapyhien ja suurten tapahtumien aikana ihmiset saattaa olla v\u00e4hemm\u00e4n kiinnostuneita uusista musajulkaisuista.<\/p>\n\n\n\n<p><strong>Julkaise Aikaisin Viikolla:<\/strong> Maanantai tai tiistai ovat hyvi\u00e4 p\u00e4ivi\u00e4, koska t\u00e4\u00e4 antaa kappaleelle enemm\u00e4n aikaa ker\u00e4t\u00e4 kuunteluita viikon aikana ja p\u00e4\u00e4ty\u00e4 viikon suosituimpiin listauksiin.<\/p>\n\n\n\n<p><strong>Hy\u00f6dynn\u00e4 Erityisi\u00e4 Ajankohtia tai Teemap\u00e4ivi\u00e4:<\/strong> Paikalliset tapahtumat Turussa tai musaan liittyv\u00e4t juhlap\u00e4iv\u00e4t voivat tuoda lis\u00e4n\u00e4kyvyytt\u00e4.<\/p>\n\n\n\n<h3 class=\"wp-block-heading\">3. jaa mit\u00e4 Ne Esimarkkinointi ja Ennakkokampanjat o?<\/h3>\n\n\n\n<p>Esimarkkinoinnin avulla voit varmistaa, ett\u00e4 mahdollisimman moni tiet\u00e4\u00e4 tulevasta julkaisusta etuk\u00e4teen.<\/p>\n\n\n\n<p><strong>Pre-save-kampanjat:<\/strong> Varmista, ett\u00e4 fanis voi ennakkoon tallentaa kappalees esimerkiks Spotifyssa. T\u00e4\u00e4 auttaa ker\u00e4\u00e4m\u00e4\u00e4n heti julkaisup\u00e4iv\u00e4n\u00e4 kuunteluita ja parantaa n\u00e4kyvyytt\u00e4.<\/p>\n\n\n\n<p><strong>Sosiaalisen Median Sis\u00e4ll\u00f6t:<\/strong> Aloita kampanja muutama viikko ennen julkaisua. K\u00e4yt\u00e4 Instagramia, TikTokia ja Facebookia informoimaan faneja tulevasta julkaisusta ja luomaan ennakkohype\u00e4.<\/p>\n\n\n\n<h3 class=\"wp-block-heading\">4. Hy\u00f6rynn\u00e4 Data ja Analytiikka!<\/h3>\n\n\n\n<p>Seuraa analytiikkaa ja sen perusteella m\u00e4\u00e4rit\u00e4 paras aika julkasta uus musaa. Spotify for Artists ja muut analytiikkaty\u00f6kalut voi kertoa, milloin yleis\u00f6s on aktiivisin ja milloin kappaleesi yleens\u00e4 toimii parhaiten.<\/p>\n\n\n\n<p><strong>Analysoi Edellisi\u00e4 Julkaisuja:<\/strong> Katso, milloin aiemmat kappalees on ker\u00e4nnyt eniten kuunteluita ja k\u00e4yt\u00e4 t\u00e4t\u00e4 tietoo hy\u00f6dykses.<\/p>\n\n\n\n<p><strong>Testaa ja S\u00e4\u00e4d\u00e4:<\/strong> Voit kokeilla eri julkaisuajankohtia ja n\u00e4hd\u00e4, mik\u00e4 toimii parhaiten. Tee tarvittavat muutokset tuleviin kampanjoihin saadun datan perusteella.<\/p>\n\n\n\n<h3 class=\"wp-block-heading\">5. Muista Sit kans Jatkomarkkinoint.<\/h3>\n\n\n\n<p>Julkaisup\u00e4iv\u00e4n j\u00e4lkee on t\u00e4rkeet\u00e4 jatkaa markkinointiponnisteluja. T\u00e4m\u00e4 pit\u00e4\u00e4 yll\u00e4 kiinnostusta ja varmistaa, ett\u00e4 kappalees saa mahdollisimman paljoo kuunteluita ennen kuin se siirret\u00e4\u00e4n &#8221;Turku Mega List&#8221; -soittolistalle.<\/p>\n\n\n\n<p><strong>Uudet Sis\u00e4ll\u00f6t:<\/strong> Jatka julkaisujakson aikana aktiivista sis\u00e4ll\u00f6ntuotantoa. Julkaise lyriikkavideoita, musavideoita, kulissien takaisia videoita ja muuta sis\u00e4lt\u00f6\u00e4, joka pit\u00e4\u00e4 fanit kiinnostuneina.<\/p>\n\n\n\n<p><strong>Yhteis\u00f6llisyys:<\/strong> Ole vuorovaikutukses fanies kans sosiaalisessa mediassa. Vastaa kommentteihin ja jaa fanien luomaa sis\u00e4lt\u00f6\u00e4. T\u00e4\u00e4 luo sitoutuneen yhteis\u00f6n ymp\u00e4rilles.<\/p>\n\n\n\n<h3 class=\"wp-block-heading\">Yhteenveto&#8230;<\/h3>\n\n\n\n<p>Julkasun ajotamine sil viissii optimaalisest meir\u00e4n soittolistal voi merkitt\u00e4v\u00e4st parantaa sun kappalees menestyst ti\u00e4ks\u00e4\u00e4. Ol varma, et s\u00e4\u00e4 ymm\u00e4rr\u00e4t soittolista rakentee, valitset oikkeen julkkasuajankohra, teet my\u00e4s tehokast markkinointii ja seuraat sit\u00e4 analytiikkaa. N\u00e4in s\u00e4\u00e4 voit ti\u00e4ks\u00e4\u00e4 varmistaa, et sun kappalees saa parha mahrollise n\u00e4kyvyyte ja kuuntelum\u00e4\u00e4r\u00e4t meitin <strong><a href=\"https:\/\/tuorettaturusta.com\/\">&#8221;Tuoretta TURUSTA&#8221; -soittolistalla<\/a><\/strong>.<\/p>\n\n\n\n<p>Toivottavast n\u00e4m\u00e4 vinkit niin pal kauheest autto sua navigoimaa sen julkkasuajan valinnas ja saavuttamaa sit kyl niin pal kauheest menestyst olemal meir\u00e4n soittolistal!<\/p>\n\n\n\n<p><\/p>\n","protected":false},"excerpt":{"rendered":"<p>Julkkasu ajottamisel o suur merkitys siihe, ti\u00e4ks\u00e4\u00e4 kuin hyvi sun kappalees oikke menestyy. T\u00e4s\u00e4 artikkelisa me k\u00e4yd\u00e4h\u00e4n l\u00e4pi, notta kuinka oikkei ajottaa su kappalee julkasu sil viissii, et se saa parhaa mahrollise n\u00e4kyvyyde ja kuuntelum\u00e4\u00e4r\u00e4t meir\u00e4n soittolistal &#8221;Tuoretta TURUSTA&#8221;. Miks Julkaisun Ajotus O T\u00e4rkeet? Julkaisun ajottamisel o ratkaseva merkitys, koska se vaikuttas siihe, mite paljo [&hellip;]<\/p>\n","protected":false},"author":1,"featured_media":184,"parent":0,"menu_order":0,"comment_status":"closed","ping_status":"closed","template":"","meta":{"footnotes":""},"class_list":["post-91","page","type-page","status-publish","has-post-thumbnail","hentry"],"_links":{"self":[{"href":"https:\/\/tuorettaturusta.com\/info\/wp-json\/wp\/v2\/pages\/91"}],"collection":[{"href":"https:\/\/tuorettaturusta.com\/info\/wp-json\/wp\/v2\/pages"}],"about":[{"href":"https:\/\/tuorettaturusta.com\/info\/wp-json\/wp\/v2\/types\/page"}],"author":[{"embeddable":true,"href":"https:\/\/tuorettaturusta.com\/info\/wp-json\/wp\/v2\/users\/1"}],"replies":[{"embeddable":true,"href":"https:\/\/tuorettaturusta.com\/info\/wp-json\/wp\/v2\/comments?post=91"}],"version-history":[{"count":3,"href":"https:\/\/tuorettaturusta.com\/info\/wp-json\/wp\/v2\/pages\/91\/revisions"}],"predecessor-version":[{"id":142,"href":"https:\/\/tuorettaturusta.com\/info\/wp-json\/wp\/v2\/pages\/91\/revisions\/142"}],"wp:featuredmedia":[{"embeddable":true,"href":"https:\/\/tuorettaturusta.com\/info\/wp-json\/wp\/v2\/media\/184"}],"wp:attachment":[{"href":"https:\/\/tuorettaturusta.com\/info\/wp-json\/wp\/v2\/media?parent=91"}],"curies":[{"name":"wp","href":"https:\/\/api.w.org\/{rel}","templated":true}]}}