{"id":677,"date":"2024-11-04T19:34:57","date_gmt":"2024-11-04T17:34:57","guid":{"rendered":"https:\/\/tuorettaturusta.com\/info\/?page_id=677"},"modified":"2024-11-04T19:34:58","modified_gmt":"2024-11-04T17:34:58","slug":"sun-piisin-koukku-on-asian-ytimessa","status":"publish","type":"page","link":"https:\/\/tuorettaturusta.com\/info\/sun-piisin-koukku-on-asian-ytimessa\/","title":{"rendered":"Sun piisin koukku on asian ytimess\u00e4"},"content":{"rendered":"\n<p class=\"has-drop-cap\" style=\"font-size:clamp(15.747px, 0.984rem + ((1vw - 3.2px) * 0.86), 24px);line-height:1.3\"><strong>Kun puhutaan nykyaikasesta musabisneksest\u00e4 ja miten siin\u00e4 menestyy, nii yks juttu on ihan ytimess\u00e4 \u2013 biisin koukku. Niin pieni mutta voimallinen yksityiskohta voi olla se tekij\u00e4, joka saa biisin resonoimaan ihmisten kaaleissa ja nousemaan suoratoistopalveluide k\u00e4rkee. Mut mik\u00e4 tekee siit koukusta niin tarttuvan? Ja miten semmonen oikei rakennetaa?<\/strong><\/p>\n\n\n\n<p>Voit ajatella koukkua semmosena <strong>liimana<\/strong>, joka vet\u00e4\u00e4 kappaleen osat yhteen ja takertuu kuuntelijan muistiin. Se voi olla vaiks joku simppeli melodia, toistuva p\u00e4tk\u00e4 lyriikoissa tai sitten rytmi, <strong>joka saa porukan jalat tamppaamaa<\/strong>. Koukun homma on her\u00e4tt\u00e4\u00e4 tunteita ja luoda semmonen yhteys, joka magneeti lailla vet\u00e4\u00e4 kuuntelijan kuuntelee biisii yh\u00e4 uudestaa ja uudestaa.<\/p>\n\n\n\n<h3 class=\"wp-block-heading\">Koukun rakentamisen perusteet<\/h3>\n\n\n\n<p>Koukkua tehdess\u00e4 pit\u00e4\u00e4 mietti\u00e4 eri musiikkityylien vaatimuksia ja sovittaa se artistin omaan tyyliin. Musan mik\u00e4 tosiaan iskee kuuntelijoiden syd\u00e4meen, pit\u00e4\u00e4 olla <strong>aitoo ja t\u00e4s\u00e4 ajas kiinni<\/strong>. T\u00e4m\u00e4 tarkoittaa, et koukun pit\u00e4\u00e4 heijastaa artistin ainutlaatuista n\u00e4k\u00f6kulmaa ja persoonaa. Mutta mite sit nii ihmees t\u00e4\u00e4 teh\u00e4\u00e4n k\u00e4yt\u00e4nn\u00f6ss\u00e4?<\/p>\n\n\n\n<h4 class=\"wp-block-heading\">N\u00e4in luot tehokkaan koukun:<\/h4>\n\n\n\n<ol class=\"wp-block-list\">\n<li><strong>Melodia<\/strong>: Hyv\u00e4t melodiat on usein simppelit, ja just ne j\u00e4\u00e4 parhaiten mieleen. Mieti vaiks Billie Eilishin tai Pharrell Williamsin &#8221;Happy&#8221; -biisej\u00e4; molemmat hy\u00f6dynt\u00e4\u00e4 melodiaa, joka on sek\u00e4 helposti muistettava ett\u00e4 tarttuva.<\/li>\n\n\n\n<li><strong>Rytmi<\/strong>: Rytmiin keskittyminen on toinen tehokas tapa koukuttaa. Pop- ja hip-hop-genress\u00e4 rytmi voi olla jopa merkitt\u00e4v\u00e4mpi elementti kuin itte melodia. Rytmi voi my\u00f6s kiinte\u00e4sti kietoutua lyriikoihin, kuten Eminem useesti n\u00e4ytt\u00e4\u00e4 biiseiss\u00e4\u00e4n.<\/li>\n\n\n\n<li><strong>Lyriikat<\/strong>: Sanat voi toimia voimakkaina koukkuina varsinkin kun ne puhuttelee jotain, mihin kuulija voi samastuu tai mitk\u00e4 her\u00e4tt\u00e4\u00e4 voimakkaita tunteita. P\u00e4\u00e4asia on, et lyriikoiden sanoma resonoi kuuntelijan omien kokemusten tai tunteiden kans.<\/li>\n<\/ol>\n\n\n\n<h3 class=\"wp-block-heading\">Kilpailussa striimauspalveluissa<\/h3>\n\n\n\n<p>Striimauspalveluissa koukulla on erityinen merkitys, kun kilpailu ihmisten huomiosta on ankaraa. Er\u00e4ski tutkimus huomauttaa, et monet itsen\u00e4iset artistit vois jopa <em>lopettaa p\u00e4iv\u00e4ty\u00f6ns\u00e4<\/em>, jos niiden biisit nousis suosittuihin soittolistoihin.<\/p>\n\n\n\n<p>Viraalihitit levi\u00e4\u00e4 koukun avulla some-alustoilla kuten <strong>TikTok <\/strong>tai <strong>Instagram<\/strong>, kun lyhyet, iskev\u00e4t videoklipit vaatii just t\u00e4mm\u00f6st\u00e4 napakkaa ja mukaansatempaavaa sis\u00e4lt\u00f6\u00f6. Ei oo harvinaista, et <strong>artistit breikkaa<\/strong> just vaa semmosen koukun ansiosta, joka levi\u00e4\u00e4 somessa salaman nopeesti.<\/p>\n\n\n\n<h3 class=\"wp-block-heading\">Taitolaji menestyjille<\/h3>\n\n\n\n<p>Sun biisin koukun eli huukin rakentaminen on oma taiteenlajinsa, mut oikein toteutettuna se voi olla avain <strong>sun menestykseen suoratoistomaailmas<\/strong>. <\/p>\n\n\n\n<p>Kun koukku yhdistet\u00e4\u00e4n artistin omaper\u00e4iseen tyyliin ja n\u00e4kemykseen, se synnytt\u00e4\u00e4 aika helpostikki syvii siteit kuulijoihi. Ja just n\u00e4\u00e4 siteet \u2013 oli kyseess\u00e4 liikuttavat, voimakkaat tai inspiroivat kokemukset \u2013 tekee musast sil viissii suurempaa ku el\u00e4m\u00e4 itte. Ku s\u00e4 seuraavaks istut s\u00e4velt\u00e4\u00e4 nii mietis, et <em>mik\u00e4 siit sun koukust tekee vastustamattoma<\/em>?<\/p>\n","protected":false},"excerpt":{"rendered":"<p>Kun puhutaan nykyaikasesta musabisneksest\u00e4 ja miten siin\u00e4 menestyy, nii yks juttu on ihan ytimess\u00e4 \u2013 biisin koukku. Niin pieni mutta voimallinen yksityiskohta voi olla se tekij\u00e4, joka saa biisin resonoimaan ihmisten kaaleissa ja nousemaan suoratoistopalveluide k\u00e4rkee. Mut mik\u00e4 tekee siit koukusta niin tarttuvan? Ja miten semmonen oikei rakennetaa? Voit ajatella koukkua semmosena liimana, joka vet\u00e4\u00e4 [&hellip;]<\/p>\n","protected":false},"author":1,"featured_media":678,"parent":0,"menu_order":0,"comment_status":"closed","ping_status":"closed","template":"","meta":{"footnotes":""},"class_list":["post-677","page","type-page","status-publish","has-post-thumbnail","hentry"],"_links":{"self":[{"href":"https:\/\/tuorettaturusta.com\/info\/wp-json\/wp\/v2\/pages\/677"}],"collection":[{"href":"https:\/\/tuorettaturusta.com\/info\/wp-json\/wp\/v2\/pages"}],"about":[{"href":"https:\/\/tuorettaturusta.com\/info\/wp-json\/wp\/v2\/types\/page"}],"author":[{"embeddable":true,"href":"https:\/\/tuorettaturusta.com\/info\/wp-json\/wp\/v2\/users\/1"}],"replies":[{"embeddable":true,"href":"https:\/\/tuorettaturusta.com\/info\/wp-json\/wp\/v2\/comments?post=677"}],"version-history":[{"count":1,"href":"https:\/\/tuorettaturusta.com\/info\/wp-json\/wp\/v2\/pages\/677\/revisions"}],"predecessor-version":[{"id":679,"href":"https:\/\/tuorettaturusta.com\/info\/wp-json\/wp\/v2\/pages\/677\/revisions\/679"}],"wp:featuredmedia":[{"embeddable":true,"href":"https:\/\/tuorettaturusta.com\/info\/wp-json\/wp\/v2\/media\/678"}],"wp:attachment":[{"href":"https:\/\/tuorettaturusta.com\/info\/wp-json\/wp\/v2\/media?parent=677"}],"curies":[{"name":"wp","href":"https:\/\/api.w.org\/{rel}","templated":true}]}}