{"id":407,"date":"2024-09-14T05:32:11","date_gmt":"2024-09-14T02:32:11","guid":{"rendered":"https:\/\/tuorettaturusta.com\/info\/?page_id=407"},"modified":"2024-09-14T05:32:11","modified_gmt":"2024-09-14T02:32:11","slug":"nftt-musiikkibisneksessa","status":"publish","type":"page","link":"https:\/\/tuorettaturusta.com\/info\/nftt-musiikkibisneksessa\/","title":{"rendered":"NFT:t musiikkibisneksess\u00e4"},"content":{"rendered":"\n<p class=\"has-drop-cap\" style=\"font-size:clamp(15.747px, 0.984rem + ((1vw - 3.2px) * 0.86), 24px);line-height:1.3\"><strong>Musiikkihommel on tunnettu jatkuvist muutoksist ja kehityksest, ja NFT-teknologia (non-fungible tokens) on viime aikoina tuonnut mukanaan merkitt\u00e4vii mahrollisuuksii. Artisteil on ny mahku kasvattaa ansioitaan ja samalla syvent\u00e4\u00e4 suhdettaan faneihi. Mut mit\u00e4 n\u00e4\u00e4 NFT:t oikee on ja kui taiteilijat voi niit hy\u00f6dynt\u00e4\u00e4? Pureudutaaspa aiheesee tarkemmi.<\/strong><\/p>\n\n\n\n<p>Mit\u00e4 NFT-t on? NFT:t on digitaalisii omaisuuslajei, jotka m\u00e4\u00e4rittelev\u00e4t omistusoikeuden ainutlaatusiihi digituotteisii, kuten musiikkikappaleisii, albumin kansitaiteese tai jopa konserttei liittyvii etuihi. NFT:iden arvo perustuu niitten ainutlaatusuutee\u2014ajatellaan vaik Jimi Hendrixin kitara tai Pink Floydin &#8221;Dark Side of the Moon&#8221; -levyn ensimm\u00e4ist\u00e4 painosta.<\/p>\n\n\n\n<p>NFT: Suoria hy\u00f6tyj\u00e4 artisteille Jatkuvat yleiskustannukset: NFT-teknologian avulla artistit voi m\u00e4\u00e4ritt\u00e4\u00e4 provision jokaselle NFT:n uudelleenmyynnille. T\u00e4\u00e4 tarkottaa, et artistit hy\u00f6tyy jokasesta kaupasta koko NFT:n elinkaaren aja. Esimerkiks, jos artisti myy NFT:n aluks 1000 dollarilla ja ostaja myy sen uudelleen 1500 dollarilla, artisti voi saada esimerkiks 25 % provision, joka olis t\u00e4ss\u00e4 tapauksessa 375 dollarii.<\/p>\n\n\n\n<p>Ainutlaatuiset Fani-Kokemukset: Moni artisti on sidottanut NFT:ns\u00e4 erityisii fyysisiin ja digitaalisii etuihi. Esimerkiks Kings of Leon tarjosi NFT-paketissaan elinik\u00e4isi\u00e4 eturivin lippui konsertteihinsa.<\/p>\n\n\n\n<p>Fani-Sitoutumine ja Markkinointi: NFT:t ei tuo vaan tuloja, vaan ne kannustaa faneja promotoimaa omistamiaan NFT:it\u00e4. Mit\u00e4 suositumpi artisti on, sit\u00e4 arvokkaammiksi fanien omistamat NFT:t muuttuu, mik\u00e4 voi johtaa molemminpuolisee hy\u00f6tyy.<\/p>\n\n\n\n<p>Haasteet ja ratkaisui Kustannukset ja ymp\u00e4rist\u00f6vaikutukset: NFT-julkaiseminen voi olla kallista, ja esimerkiks Ethereum-lohkoketjun energiankulutus on saanut osakseen kritiikki\u00e4. Onneks ymp\u00e4rist\u00f6yst\u00e4v\u00e4llisempii vaihtoehtoi, kuten Tezos-lohkoketju ja Crypto.com-markkinapaikka, on ilmaantunu.<\/p>\n\n\n\n<p>Markkinoiden kehitys: Alkus NFT:t oli monille musiikin yst\u00e4ville vieraita, mut teknologian yleistyess\u00e4 ja k\u00e4ytt\u00f6liittymien yksinkertaistuessa yh\u00e4 useammat fanit kiinnostuu niist\u00e4. Artistit, jotka osaa selitt\u00e4\u00e4 ja markkinoida NFT:it\u00e4\u00e4n faneille, on etuly\u00f6ntiasemassa hy\u00f6dynt\u00e4m\u00e4\u00e4 t\u00e4n uuden teknologian tarjoamia mahdollisuuksia.<\/p>\n\n\n\n<p>NFT-esimerkkei Musiikkimaailmasta 3LAU: Elektronisen musiikin artisti 3LAU tienas yli 11 miljoonaa dollarii NFT-julkaisuillaan vuonna 2021. H\u00e4n tarjosi NFT-kokoelman, johon sis\u00e4lty digitaalista taidetta kuin mahollisuus yhteisty\u00f6h\u00f6n artistin kans.<\/p>\n\n\n\n<p>Lil Pump: R\u00e4pp\u00e4ri Lil Pump ker\u00e4s 500 000 dollarii vaan kahes tunnis, ku 859 sijoittajaa osti h\u00e4nen uuden singlens\u00e4 NFT:t. Faneille tarjottiin paitsi NFT my\u00f6s oikeus tuleviin rojalteihi laulusta.<\/p>\n\n\n\n<p>V\u00c9RIT\u00c9: Indie-artisti V\u00c9RIT\u00c9 ker\u00e4s 35 000 dollarii kolmesta laulusta koostuvalla NFT:ll\u00e4\u00e4n, joka toi oikeuksii ja muitaki etui.<\/p>\n\n\n\n<p>NFT-teknologia tarjoaa artisteille mahollisuude luoda suorempii ja l\u00e4pin\u00e4kyv\u00e4mpii yhteyksii faneihin sek\u00e4 tehokkaampii tapoi ansaita musiikillaan. On kuitenki olennaista, et artistit tutustuu huolellisesti t\u00e4n teknologian mahollisuuksiin ja haasteisiin sek\u00e4 suunnittelee strategiansa viisaasti. NFT:t ei oo vaan hetken muoti-ilmi\u00f6, vaan keskeinen osa tulevaisuuden musiikkibisnest\u00e4\u2014tarjoten nii ainutlaatusii mahollisuuksii kuin uusia haasteitaki.<\/p>\n","protected":false},"excerpt":{"rendered":"<p>Musiikkihommel on tunnettu jatkuvist muutoksist ja kehityksest, ja NFT-teknologia (non-fungible tokens) on viime aikoina tuonnut mukanaan merkitt\u00e4vii mahrollisuuksii. Artisteil on ny mahku kasvattaa ansioitaan ja samalla syvent\u00e4\u00e4 suhdettaan faneihi. Mut mit\u00e4 n\u00e4\u00e4 NFT:t oikee on ja kui taiteilijat voi niit hy\u00f6dynt\u00e4\u00e4? Pureudutaaspa aiheesee tarkemmi. Mit\u00e4 NFT-t on? NFT:t on digitaalisii omaisuuslajei, jotka m\u00e4\u00e4rittelev\u00e4t omistusoikeuden ainutlaatusiihi [&hellip;]<\/p>\n","protected":false},"author":1,"featured_media":408,"parent":0,"menu_order":0,"comment_status":"closed","ping_status":"closed","template":"","meta":{"footnotes":""},"class_list":["post-407","page","type-page","status-publish","has-post-thumbnail","hentry"],"_links":{"self":[{"href":"https:\/\/tuorettaturusta.com\/info\/wp-json\/wp\/v2\/pages\/407"}],"collection":[{"href":"https:\/\/tuorettaturusta.com\/info\/wp-json\/wp\/v2\/pages"}],"about":[{"href":"https:\/\/tuorettaturusta.com\/info\/wp-json\/wp\/v2\/types\/page"}],"author":[{"embeddable":true,"href":"https:\/\/tuorettaturusta.com\/info\/wp-json\/wp\/v2\/users\/1"}],"replies":[{"embeddable":true,"href":"https:\/\/tuorettaturusta.com\/info\/wp-json\/wp\/v2\/comments?post=407"}],"version-history":[{"count":1,"href":"https:\/\/tuorettaturusta.com\/info\/wp-json\/wp\/v2\/pages\/407\/revisions"}],"predecessor-version":[{"id":409,"href":"https:\/\/tuorettaturusta.com\/info\/wp-json\/wp\/v2\/pages\/407\/revisions\/409"}],"wp:featuredmedia":[{"embeddable":true,"href":"https:\/\/tuorettaturusta.com\/info\/wp-json\/wp\/v2\/media\/408"}],"wp:attachment":[{"href":"https:\/\/tuorettaturusta.com\/info\/wp-json\/wp\/v2\/media?parent=407"}],"curies":[{"name":"wp","href":"https:\/\/api.w.org\/{rel}","templated":true}]}}